*g(x). Determine j(5).
8
Suppose 3*g + 5*v = 135, 265 = -g + 6*g - 5*v. Let u = -45 + g. Let s(k) = k**2 - 5*k - 6. Determine s(u).
-6
Suppose 5*i + 2*s + 2*s = -16, -4*i - 2 = 5*s. Let t(y) = y**2 - 8*y + 2. What is t(i)?
130
Suppose 0 = -6*h + 201 + 3. Suppose -4*w - 3*r + 4 = 26, -4*w + 3*r = h. Let n(j) = j**2 + 7*j - 1. Let q(a) = a. Let y(i) = n(i) + 2*q(i). Calculate y(w).
-15
Let d(g) = g**3 + 5*g**2 + 2*g - 4. Let u(v) = 11*v + 228. Let w = -62 - -41. Let q be u(w). Give d(q).
8
Let w(r) = 5*r + 25. Suppose 0*i - 4*c - 16 = 5*i, -12 = 4*i + 4*c. Let p be w(i). Let s(x) = x**3 - 4*x**2 - 6*x - 7. What is s(p)?
-12
Let c(y) = -4*y + 1. Suppose 18 = 5*k - 537. Let p = k + -109. Give c(p).
-7
Let f(z) = -z**2 + 12*z - 11. Let o be f(10). Let d(n) = 7 + o - 9 - 3*n. Suppose 4*w = 0, 0 = 3*c - 0*w + 4*w - 21. What is d(c)?
-14
Let c(d) = 2*d**3 + 8*d**2 - 12*d - 3. Suppose -31*i - 46*i - 385 = 0. Calculate c(i).
7
Let h(k) = k**3 - 7*k**2 - 2*k + 6. Let d(q) = -36*q + 206. Let y be d(5). Suppose y - 89 = -9*m. Calculate h(m).
-8
Let u(c) = -2*c**3 - 3*c**2 + 9*c - 2. Let y be u(1). Let l(h) = 12*h**2 - 2*h + 3. Calculate l(y).
47
Let m(q) = q**3 - 3*q**2 - 6*q - 3. Let x = -8403 - -8402. Give m(x).
-1
Suppose -4*d = 4*n + 9 + 3, -11 = 5*n + 3*d. Let i(r) = -31 + 30 + 7*r**3 + 10*r**3 - r**2 + 0*r - 2*r. Calculate i(n).
-17
Let v(i) = 11*i - 3. Let f(r) = r**3 + r + 2. Suppose 4 = -q, -7*u = -5*u + q + 4. Let m be f(u). Calculate v(m).
19
Suppose -28*c = -27*c - 2*h - 233, 0 = c - 3*h - 228. Let p(d) = -d + 117 - c + 105. Calculate p(-10).
-11
Suppose -4*b + 4*t + 104 = 0, 271 - 167 = 4*b + 4*t. Let w(o) = -2*o + 50. Calculate w(b).
-2
Let f(n) = -2*n - 3. Let o(j) = -10*j - 16. Let g(s) = 16*f(s) - 3*o(s). Let x = -1415 - -1408. Determine g(x).
14
Let m = -57 + 59. Let p(t) = t**3 - 6*t**2 + 9*t - 6. Let x(y) = 2*y**3 - 5*y**2 + 9*y - 4. Let h(k) = m*x(k) - 3*p(k). Give h(-9).
10
Let q(m) = 14*m + 6. Suppose 433 = -28*s + 545. Determine q(s).
62
Let c(y) = 107*y + 3*y**2 + 117*y - 190*y + 33. What is c(-1)?
2
Suppose -44*h + a + 15 = -48*h, -6 = -3*h + 5*a. Let p(g) = -3*g - 10. Calculate p(h).
-1
Suppose -4*o = 3*o. Let i be o*(3/3 - (-12)/(-8)). Let f be (6 - 5)/(i + -1)*1. Let y(h) = -9*h**3 - h**2 - 2*h - 1. Determine y(f).
9
Let v = -38 + 44. Let h(x) = x**3 - 6*x**2 - 4. Let l be h(v). Let g be (1 - -21)*((-63)/(-14) + l). Let z(b) = -b**3 + 10*b**2 + 13*b - 15. Give z(g).
7
Let q be 9/(27/240) + 4. Let f = q - 77. Suppose 4*m = f*m + 21. Let i(z) = -2*z - 10. Determine i(m).
4
Let m(y) = -y + 28. Let f be -6*5/(-150)*35. What is m(f)?
21
Let l = 3 - -3. Suppose -3*u + 37 = b, -2*u - 17 = -4*b - 23. Let k be (9/l)/(u/44). Let r(p) = p**3 - 7*p**2 + 5*p - 3. What is r(k)?
-9
Let l(t) = 3*t + 15 + 11 + 7 - 19. Let p(v) = -v - 3. Let g(n) = -l(n) - 5*p(n). Suppose 4*x + 2 = 4*i + 14, i + 2*x = 12. Give g(i).
5
Let k(p) = -3*p**2 - 19*p - 3. Let l be k(-6). Suppose -l*o = -21 + 147. Let q = -46 - o. Let w(j) = j + 2. What is w(q)?
-2
Let y(h) = -h**3 + 45*h + 64 - 50*h - 11*h**2 + 11*h. What is y(-11)?
-2
Let i(r) be the first derivative of -78 + 1/4*r**4 + 5*r + 3*r**3 - 1/2*r**2. Determine i(-9).
14
Let f = -1 - -3. Let z(a) = 2 + a + 0*a + a**f + a - 4*a. Let g be (-4)/(((-49)/(-14))/(-7))*(-2)/(-8). Calculate z(g).
2
Let k(b) = -4 + 2*b - 1 + 0*b. Suppose -4*x + 112 = -2*c, -4*x = -3*x - 5*c - 19. Suppose -7*g + x = 1. Give k(g).
3
Let y(n) = 5*n**2 + 6*n - 7. Suppose 22*f - 34*f = -18*f + 12. What is y(f)?
25
Let m = -6570 - -6580. Let t(k) = 6*k - 46. What is t(m)?
14
Let i(d) = -d. Suppose 2*g - 2*j = 16, 37*j - 26 = -2*g + 41*j. Let b(p) = -p**2 + 69*p - 202. Let t be b(g). Calculate i(t).
4
Let t(w) = -w**2 + 5*w - 2. Let x = 46 - 25. Suppose 45 = -96*h + 111*h. Suppose 6*r + h = x. Determine t(r).
4
Let t(z) = -z - 1. Let v = -788 - -788. Let y be ((-36)/8 - v) + (-2)/4. Determine t(y).
4
Let p(g) = -g**2 + 7*g - 8. Let z = -7658 - -7663. What is p(z)?
2
Let n(t) = 0 + t**3 - 9*t - 5*t**2 + 0 + 1 + 7*t. Let l be 75/135 - 160/(-36). Calculate n(l).
-9
Let m(b) = -13*b - 194. Let p(q) = -28*q - 370. Let n(w) = -5*m(w) + 3*p(w). Determine n(-7).
-7
Let f(i) = i + 4. Let q be (51/119)/((-2)/44)*7. Let d = -74 - q. Calculate f(d).
-4
Let f(s) = s**3 - s**2 + 1. Let j(z) be the second derivative of -1/3*z**3 + 0 + 26*z**2 + 19*z. Let o be j(26). Calculate f(o).
1
Let d(y) = 128 + 2*y**2 - 77 + 2*y**2 + 245518*y - 245424*y. Give d(-23).
5
Let y(p) = -22*p + 518. Let t be y(24). Let x(h) = 3*h + 21. Give x(t).
-9
Let r(n) = -4*n**2 - 11*n + 9. Let p(o) be the first derivative of -7*o**3/3 - 10*o**2 + 17*o + 41. Let l(h) = 3*p(h) - 5*r(h). Give l(-6).
0
Let t(u) = -55*u**3 - 17*u**2 + 6*u - 7. Let n(q) = 56*q**3 + 15*q**2 - 5*q + 6. Let v(h) = -9*n(h) - 8*t(h). Give v(1).
-64
Let m(g) = 3*g**3 + 400 - 5*g + 385 - 782 + g**2. Give m(2).
21
Let n(t) = 2*t**3 - t**2 - t - 3. Let i(r) = 3*r**3 - 2. Let a(g) = -3*i(g) + 4*n(g). Let x(h) = h**3 + 6*h**2 + 53*h + 314. Let p be x(-6). Give a(p).
10
Let y = -2 + 4. Let w(i) = -2 - 9*i - 4 - 2*i + 5 + 12*i. Calculate w(y).
1
Let i(z) be the second derivative of 5*z**3/6 - 223*z**2/2 + 8426*z. What is i(46)?
7
Let s(b) = -4*b**2 - 20*b + 3. Suppose 32*h + 59 + 43 = -58. Give s(h).
3
Let z(d) be the second derivative of -d**4/12 + 2*d**3/3 + 2*d**2 + 25217*d. Let t(o) = 2*o**3 - 3*o**2 + 1. Let f be t(2). Give z(f).
-1
Let y(l) = -55*l + 206. Let u(p) = 8*p - 30. Let t(g) = 7*u(g) + y(g). Let f(q) = -4*q**2 + 3*q - 2. Let n be f(2). Calculate t(n).
-16
Let z(o) = -4*o - 214. Let q be z(-52). Let j(w) = -w**3 - 8*w**2 - 7*w + 2. Determine j(q).
-28
Suppose -33*t - 8*t = -1 + 1. Let a(f) = f**2 - 26*f - 3. Determine a(t).
-3
Let i(g) = -5*g**2 + 39*g + 408. Let z(x) = -3*x**2 - x - 2. Let m(d) = i(d) - 2*z(d). Calculate m(-18).
-2
Suppose 2*g - 19 = -7*i + 2*i, 2*i = 5*g - 4. Let h be 84/294 - 18/14. Let k be h/i*(-18 + -3). Let v(c) = -c**2 + 6*c + 8. Calculate v(k).
1
Let y(d) = 2*d - 16. Let t(o) be the first derivative of -o**4/4 - 7*o**3 + 19*o**2/2 - 54*o + 206. Let l be t(-22). Give y(l).
8
Let o(g) = -4*g - 211. Let f(t) = -t**2 - 16*t + 2799. Let r be f(-62). Give o(r).
1
Let h(w) be the third derivative of -5*w**4/24 - 83*w**3/6 + 7*w**2 + 300. What is h(-9)?
-38
Let j(s) = 0 - 5 + 1 + 12 + 14 - 2*s. Give j(9).
4
Let i(v) = -11*v - 635. Let n be i(-58). Let l(g) = -g**2. Let x(a) = -5*a**2 - 4*a - 1. Let z(h) = 6*l(h) - x(h). Give z(n).
4
Let b(p) = -2*p - 23. Let y be -14 - (-1 + 4 + 1). Let x = y + 5. Let k(h) = h + 11. Let c(m) = x*k(m) - 6*b(m). Determine c(-7).
2
Let h(x) = x**2 + 42*x + 277. Suppose 0 = p - 3*u + 19, -18*p + 150 = -23*p + 4*u. Let i be h(p). Let c(d) = 4*d - 11. Calculate c(i).
9
Let y(m) = -m - 8. Suppose 14*u - 28 = 14. Suppose -30 = 5*p + 5*f, u*p - 4*f + f + 24 = 0. Determine y(p).
-1
Suppose -v - 28 = -5*v. Let g be (5 - 5 - 3)/(-3). Let x(f) = -7*f**2 + f**3 + f - 3*f - 2 + g + 3*f. What is x(v)?
6
Let x(t) = -t**3 + 2*t**2 + 2. Suppose b = 5*q + 21, -22 = 5*q - 2. Let m(k) = -6*k**3 + 11*k**2 - k + 9. Let v(p) = b*m(p) - 5*x(p). Determine v(0).
-1
Let u(v) = v**3 - 6*v**2 - 26*v + 66. Let k be u(-4). Let c(a) = -a**3 + 10*a**2 + 3*a - 35. Calculate c(k).
-5
Let b be (24/(-72))/(1 + (-105)/108). Let c(a) = 14*a + 149. Determine c(b).
-19
Let k(p) = 58 - 22 + 61380*p + p**2 - 61391*p. Give k(15).
96
Let y(f) = 13*f - 35*f + 2*f**3 + 25*f**2 - 3*f**3 + 5665 - 5716. Determine y(24).
-3
Suppose -u + 2*u - 7 = 0. Let f(q) = -328 - 329 - 326 + 4*q + 977. Give f(u).
22
Let l(w) = -w**3 + 5*w**2 + 9*w - 16. Let c be l(6). Suppose -5*m - 12 = -c*m. Let k(u) be the first derivative of u**2 + u + 1. What is k(m)?
-7
Let p(n) = -n**2 + 5*n + 2. Let d(u) be the second derivative of u**4/6 - 2*u**3 - 5*u**2/2 - 33*u. Let a(w) = -3*d(w) - 5*p(w). Determine a(11).
5
Let d = 6 + 30. Suppose 6*k + 2*y = 5*k - 8, 4*y = 4*k - 28. Suppose -f - k*s = 2 + 8, 4*s + d = -4*f. Let w(q) = q**3 + 9*q**2 + 9*q + 12. Determine w(f).
4
Let m(q) = -16*q**3 - 10*q**2 - 11*q - 2. Let f(t) = -13*t**3 - 9*t**2 - 9*t - 1. Let w(y) = -5*f(y) + 4*m(y). Let c = -5 + 7. Suppose c*u + 9 = -u. Give w(u).
12
Let n be (-84)/(-63)*(-165)/20. Let h(t) = t + 30. Determine h(n).
19
Let i(j) = -j - 19. Let 